Convert 19c4 (base 13) to base 8.
7446
Convert 13414 (base 6) to base 8.
4062
What is -458 (base 13) in base 3?
-1000202
Convert -20131 (base 4) to base 8.
-1035
Convert 12741 (base 11) to base 5.
1040240
Convert -135302 (base 6) to base 14.
-4982
What is -3551 (base 11) in base 12?
-283a
What is -265 (base 11) in base 9?
-377
-11101111110 (base 2) to base 4
-131332
What is 2dd (base 14) in base 5?
4322
What is 24066 (base 9) in base 2?
11111011100010
What is 1010212 (base 4) in base 12?
265a
What is -451 (base 6) in base 9?
-214
What is -11001010010 (base 2) in base 8?
-3122
What is 101664 (base 7) in base 15?
52b0
What is -142544 (base 6) in base 11?
-a244
What is 76aa (base 14) in base 10?
20534
18a2b (base 12) to base 15
aa25
Convert -5537 (base 9) to base 4.
-333310
Convert -211 (base 15) to base 8.
-722
-3003110 (base 4) to base 9
-18128
What is -4835 (base 9) in base 12?
-20b8
114415 (base 7) to base 14
780c
What is 523 (base 14) in base 10?
1011
15104 (base 7) to base 9
5642
-2617 (base 12) to base 16
-10f3
Convert 577 (base 8) to base 5.
3013
Convert -11100010010 (base 2) to base 13.
-a93
Convert 10302 (base 4) to base 14.
17c
-546 (base 13) to base 3
-1020110
Convert 8985 (base 10) to base 6.
105333
Convert 9a61 (base 12) to base 3.
212102001
Convert 2e7b (base 16) to base 10.
11899
What is -1360 (base 9) in base 8?
-2002
4534 (base 13) to base 11
72a7
Convert 294b (base 15) to base 7.
34535
Convert -a90 (base 15) to base 8.
-4521
-3660 (base 9) to base 13
-131a
30203 (base 4) to base 12
56b
21b (base 13) to base 5
2422
-3095 (base 10) to base 13
-1541
Convert -3a69 (base 13) to base 10.
-8368
-3d9 (base 15) to base 10
-879
What is -22ea (base 15) in base 16?
-1cfc
What is ac97 (base 16) in base 11?
30217
Convert 11606 (base 8) to base 4.
1032012
101011111001 (base 2) to base 8
5371
-1938 (base 10) to base 7
-5436
-1100010000 (base 2) to base 3
-1002001
31152 (base 10) to base 9
46653
What is 287 (base 9) in base 13?
157
What is 861 (base 16) in base 13?
c90
What is a01 (base 11) in base 2?
10010111011
136224 (base 7) to base 13
bbc2
Convert 11110001001100 (base 2) to base 8.
36114
-4733 (base 8) to base 5
-40043
Convert 20343 (base 5) to base 13.
7c9
-112021012 (base 3) to base 7
-42215
1075 (base 9) to base 15
382
Convert -10256 (base 7) to base 4.
-213230
Convert 2ec4 (base 16) to base 9.
17372
What is -3848 (base 12) in base 7?
-24431
Convert -12110022 (base 3) to base 16.
-f89
What is 1253 (base 9) in base 6?
4203
What is -110101001101 (base 2) in base 11?
-2616
Convert -6110 (base 9) to base 16.
-1170
What is -577 (base 12) in base 10?
-811
What is 32521 (base 8) in base 11?
a289
What is -10087 (base 9) in base 2?
-1100111110000
36496 (base 10) to base 11
25469
What is a9d8 (base 16) in base 8?
124730
What is 12334 (base 5) in base 15?
449
Convert -5528 (base 13) to base 2.
-10111001011000
133 (base 5) to base 7
61
Convert -13110 (base 7) to base 3.
-11210010
What is -11102021 (base 3) in base 11?
-2468
What is -12220 (base 5) in base 8?
-1647
Convert -100001100100 (base 2) to base 14.
-ad6
-4573 (base 8) to base 2
-100101111011
What is 4541 (base 9) in base 8?
6436
111011101 (base 2) to base 11
3a4
Convert -2846 (base 9) to base 11.
-1683
Convert 157c7 (base 14) to base 9.
81567
-19671 (base 13) to base 10
-49440
What is 28b8 (base 13) in base 2?
1011100001001
12 (base 10) to base 2
1100
Convert -1033431 (base 5) to base 12.
-a4b3
-230 (base 14) to base 15
-1de
What is -5802 (base 13) in base 5?
-343324
What is -43220 (base 9) in base 2?
-110111111000011
What is -3400 (base 6) in base 16?
-318
What is -22233 (base 4) in base 6?
-3103
Convert 125304 (base 6) to base 9.
16764
What is -74 (base 16) in base 13?
-8c
-42553 (base 6) to base 13
-2865
Convert a03 (base 11) to base 8.
2275
What is 22621 (base 7) in base 10?
5797
What is -44100 (base 5) in base 12?
-1901
-111011 (base 2) to base 14
-43
Convert -1178 (base 9) to base 8.
-1561
-238b (base 14) to base 7
-24034
-3238 (base 16) to base 11
-9728
-404 (base 12) to base 3
-210111
-3148 (base 12) to base 4
-1110020
1320 (base 6) to base 5
2321
-1110000 (base 3) to base 4
-100131
What is -970 (base 12) in base 4?
-111210
43c (base 13) to base 5
10402
Convert -301 (base 14) to base 13.
-364
What is 85 (base 14) in base 9?
140
Convert 20002 (base 4) to base 15.
244
Convert 42405 (base 6) to base 3.
21220112
What is 23324 (base 7) in base 3?
22020002
-257 (base 15) to base 8
-1024
What is 2504 (base 12) in base 9?
5654
Convert 231 (base 10) to base 14.
127
Convert 4106 (base 8) to base 12.
1286
Convert 684 (base 10) to base 9.
840
Convert 10021210 (base 4) to base 10.
16996
What is 11010110 (base 2) in base 14?
114
Convert 202 (base 8) to base 15.
8a
What is -1001100101011001 (base 2) in base 4?
-21211121
What is 242122 (base 5) in base 15?
2a27
71 (base 13) to base 16
5c
-16403 (base 8) to base 15
-2302
-8155 (base 10) to base 7
-32530
What is 5332 (base 7) in base 4?
131131
-1c05 (base 14) to base 2
-1001111101101
Convert -2233001 (base 4) to base 13.
-5138
Convert -22015 (base 9) to base 16.
-3902
-5ea (base 15) to base 13
-7c6
What is 55582 (base 9) in base 11?
25822
-6111 (base 12) to base 14
-3b9b
-1333343 (base 5) to base 16
-6ad4
What is 113250 (base 7) in base 10?
20370
d5b4 (base 14) to base 16
8fca
What is 105511 (base 7) in base 4?
10211113
3335 (base 7) to base 12
842
What is 246 (base 12) in base 10?
342
What is 26a6 (base 13) in base 3?
21121100
538 (base 13) to base 9
1201
1001020 (base 4) to base 2
1000001001000
What is 201 (base 11) in base 5?
1433
Convert -10df (base 16) to base 11.
-3277
What is -60b (base 14) in base 8?
-2243
-1000111011010010 (base 2) to base 4
-20323102
What is 30b (base 13) in base 3?
201012
-5302 (base 12) to base 10
-9074
Convert 22b (base 15) to base 14.
271
Convert -1143 (base 9) to base 4.
-31101
Convert 1002102120 (base 3) to base 13.
99c3
-34b0 (base 12) to base 14
-220c
-ebaa (base 15) to base 3
-2112102121
Convert -20120 (base 3) to base 12.
-129
What is 21220000 (base 3) in base 15?
1a86
What is 546 (base 11) in base 6?
3011
Convert -1105 (base 8) to base 7.
-1460
What is 41445 (base 6) in base 13?
26c9
What is -27b (base 15) in base 8?
-1066
-1464 (base 10) to base 9
-2006
-1ba (base 15) to base 3
-112211
Convert -14631 (base 9) to base 11.
-7563
What is 22521 (base 6) in base 2?
110010010001
What is 30570 (base 8) in base 12?
73b4
3a58 (base 12) to base 11
5034
What is 23929 (base 13) in base 11?
45046
-1300 (base 4) to base 15
-77
Convert 63b5 (base 13) to base 6.
144021
Convert 1000000000 (base 2) to base 11.
426
Convert 201 (base 3) to base 5.
34
What is -221 (base 10) in base 8?
-335
-134 (base 13) to base 16
-d4
What is -11332312 (base 4) in base 12?
-1221a
312113 (base 4) to base 3
11202212
Convert 1041 (base 10) to base 12.
729
-212100101 (base 3) to base 14
-62ba
What is -2233014 (base 5) in base 6?
-504023
Convert 4860 (base 13) to base 3.
112000110
What is 2144 (base 8) in base 2?
10001100100
Convert 10101110010101 (base 2) to base 16.
2b95
-3412 (base 8) to base 13
-a88
Convert -1252 (base 13) to base 14.
-d3c
Convert 11312 (base 4) to base 12.
272
Convert -519 (base 14) to base 2.
-1111101011
What is -38b (base 15) in base 4?
-30212
-80023 (base 9) to base 14
-151c9
-263e (base 16) to base 4
-2120332
-193 (base 13) to base 5
-2124
Convert -a2f (base 16) to base 12.
-1613
What is -34315 (base 6) in base 8?
-11407
What is 12202 (base 3) in base 11?
131
20016 (base 10) to base 15
5de6
794 (base 10) to base 13
491
Convert 1255 (base 6) to base 16.
143
Convert -19 (base 14) to base 9.
-25
Convert 230 (base 12) to base 11.
275
-24146 (base 11) to base 8
-103731
-16e (base 16) to base 3
-111120
Convert 406 (base 13) to base 16.
2aa
What is 111000011110 (base 2) in base 10?
3614
-4170 (base 9) to base 2
-101111110100
What is 3230 (base 7) in base 8?
2174
What is 313111 (base 4) in base 16?
dd5
a2e7 (base 15) to base 16
8671
Convert -8acb (base 16) to base 8.
-105313
111110111111 (base 2) to base 5
112111
What is -217a2 (base 11) in base 16?
-7b54
Convert -547 (base 8) to base 13.
-218
2021002222 (base 3) to base 6
542125
What is -14a80 (base 12) in base 15?
-89a9
-3763 (base 10) to base 9
-5141
6064 (base 8) to base 5
444